ds digit of 1423304?
3
What is the hundred thousands digit of 707443?
7
What is the hundreds digit of 1970355?
3
What is the thousands digit of 150800?
0
What is the ten thousands digit of 1040652?
4
What is the hundreds digit of 51988?
9
What is the thousands digit of 3278902?
8
What is the tens digit of 319429?
2
What is the units digit of 798094?
4
What is the units digit of 646323?
3
What is the units digit of 264627?
7
What is the tens digit of 301673?
7
What is the hundred thousands digit of 164097?
1
What is the hundreds digit of 189451?
4
What is the millions digit of 19940668?
9
What is the units digit of 9058258?
8
What is the tens digit of 4801290?
9
What is the hundreds digit of 419494?
4
What is the units digit of 2311994?
4
What is the units digit of 1235560?
0
What is the ten thousands digit of 293802?
9
What is the ten thousands digit of 1149425?
4
What is the thousands digit of 304354?
4
What is the millions digit of 3441790?
3
What is the hundred thousands digit of 2344727?
3
What is the hundred thousands digit of 830780?
8
What is the tens digit of 574965?
6
What is the millions digit of 17646613?
7
What is the hundreds digit of 1330207?
2
What is the ten thousands digit of 4240454?
4
What is the thousands digit of 214431?
4
What is the tens digit of 80540?
4
What is the ten thousands digit of 1278132?
7
What is the hundreds digit of 215721?
7
What is the hundred thousands digit of 449062?
4
What is the ten thousands digit of 117596?
1
What is the ten thousands digit of 4039474?
3
What is the tens digit of 1123600?
0
What is the ten millions digit of 43186866?
4
What is the hundreds digit of 417868?
8
What is the hundreds digit of 247762?
7
What is the ten thousands digit of 175061?
7
What is the hundreds digit of 634214?
2
What is the hundreds digit of 36225?
2
What is the units digit of 490077?
7
What is the hundreds digit of 414023?
0
What is the thousands digit of 652899?
2
What is the ten millions digit of 11289867?
1
What is the hundreds digit of 593538?
5
What is the units digit of 1150392?
2
What is the ten thousands digit of 459279?
5
What is the hundred thousands digit of 1325774?
3
What is the units digit of 699671?
1
What is the units digit of 213437?
7
What is the hundreds digit of 153873?
8
What is the units digit of 198606?
6
What is the hundreds digit of 4811939?
9
What is the ten thousands digit of 457522?
5
What is the hundreds digit of 16777?
7
What is the hundreds digit of 22220?
2
What is the units digit of 16517530?
0
What is the units digit of 107010?
0
What is the hundreds digit of 2017518?
5
What is the ten thousands digit of 12518176?
1
What is the units digit of 4043986?
6
What is the ten thousands digit of 1817748?
1
What is the hundred thousands digit of 505514?
5
What is the units digit of 1162142?
2
What is the hundred thousands digit of 906144?
9
What is the units digit of 117019?
9
What is the units digit of 48838?
8
What is the tens digit of 1813035?
3
What is the hundred thousands digit of 11306436?
3
What is the ten millions digit of 18609546?
1
What is the ten thousands digit of 1595968?
9
What is the ten thousands digit of 38556406?
5
What is the millions digit of 1429651?
1
What is the ten thousands digit of 317853?
1
What is the ten thousands digit of 274944?
7
What is the hundreds digit of 2205051?
0
What is the hundred thousands digit of 1928065?
9
What is the tens digit of 194293?
9
What is the thousands digit of 4913?
4
What is the thousands digit of 305587?
5
What is the hundreds digit of 3754337?
3
What is the thousands digit of 218569?
8
What is the ten thousands digit of 658717?
5
What is the hundreds digit of 3501608?
6
What is the hundred thousands digit of 7847258?
8
What is the hundreds digit of 1959702?
7
What is the hundreds digit of 3840491?
4
What is the thousands digit of 73182?
3
What is the hundreds digit of 276433?
4
What is the tens digit of 27590273?
7
What is the hundreds digit of 3921324?
3
What is the hundred thousands digit of 3729526?
7
What is the ten thousands digit of 203500?
0
What is the hundred thousands digit of 220255?
2
What is the hundreds digit of 3214649?
6
What is the hundred thousands digit of 1531939?
5
What is the ten thousands digit of 98111?
9
What is the tens digit of 9862588?
8
What is the hundreds digit of 9235607?
6
What is the millions digit of 2506982?
2
What is the tens digit of 613341?
4
What is the hundreds digit of 956695?
6
What is the ten thousands digit of 150290?
5
What is the millions digit of 1056914?
1
What is the thousands digit of 64647?
4
What is the ten thousands digit of 5470673?
7
What is the hundreds digit of 6167766?
7
What is the hundreds digit of 4180738?
7
What is the millions digit of 26141392?
6
What is the tens digit of 1905902?
0
What is the millions digit of 27845426?
7
What is the units digit of 32065121?
1
What is the hundred thousands digit of 171012?
1
What is the hundred thousands digit of 974742?
9
What is the millions digit of 2109267?
2
What is the hundreds digit of 288593?
5
What is the tens digit of 963788?
8
What is the hundred thousands digit of 5616986?
6
What is the hundreds digit of 2197204?
2
What is the thousands digit of 80404?
0
What is the hundreds digit of 545607?
6
What is the tens digit of 38166?
6
What is the units digit of 559366?
6
What is the millions digit of 19274622?
9
What is the ten thousands digit of 3493652?
9
What is the millions digit of 5527147?
5
What is the hundred thousands digit of 7466996?
4
What is the units digit of 20454303?
3
What is the units digit of 83073?
3
What is the tens digit of 5472744?
4
What is the units digit of 347065?
5
What is the tens digit of 2372222?
2
What is the ten thousands digit of 41226?
4
What is the tens digit of 495606?
0
What is the tens digit of 423760?
6
What is the hundreds digit of 4381009?
0
What is the hundreds digit of 140900?
9
What is the units digit of 738292?
2
What is the thousands digit of 7784474?
4
What is the units digit of 23711426?
6
What is the hundred thousands digit of 462151?
4
What is the hundreds digit of 39135?
1
What is the units digit of 168133?
3
What is the tens digit of 1133891?
9
What is the units digit of 3011538?
8
What is the thousands digit of 3526047?
6
What is the hundred thousands digit of 376116?
3
What is the ten thousands digit of 410787?
1
What is the tens digit of 255366?
6
What is the units digit of 6915408?
8
What is the thousands digit of 79158?
9
What is the hundreds digit of 11196294?
2
What is the hundreds digit of 19633390?
3
What is the units digit of 318886?
6
What is the hundreds digit of 345812?
8
What is the thousands digit of 2211219?
1
What is the hundred thousands digit of 754614?
7
What is the tens digit of 340747?
4
What is the millions digit of 5799398?
5
What is the tens digit of 325203?
0
What is the thousands digit of 386297?
6
What is the millions digit of 2575412?
2
What is the tens digit of 6599889?
8
What is the tens digit of 1079007?
0
What is the units digit of 87668?
8
What is the hundred thousands digit of 3820296?
8
What is the hundreds digit of 1479232?
2
What is the millions digit of 2306413?
2
What is the hundreds digit of 982761?
7
What is the units digit of 333606?
6
What is the units digit of 2114574?
4
What is the hundreds digit of 5825405?
4
What is the millions digit of 6312846?
6
What is the units digit of 423850?
0
What is the tens digit of 1589106?
0
What is the millions digit of 21276479?
1
What is the tens digit of 206334?
3
What is the hundreds digit of 352553?
5
What is the hundred thousands digit of 163250?
1
What is the thousands digit of 515612?
5
What is the ten thousands digit of 3214178?
1
What is the ten thousands digit of 806032?
0
What is the ten thousands digit of 270565?
7
What is the thousands digit of 584788?
4
What is the hundreds digit of 1315381?
3
What is the hundreds digit of 551463?
4
What is the millions digit of 6688095?
6
What is the hundreds digit of 389797?
7
What is the tens digit of 2248612?
1
What is the units digit of 419102?
2
What is the hundreds digit of 3230498?
4
What is the millions digit of 17899909?
7
What is the ten millions digit of 29748697?
2
What is the thousands digit of 230444?
0
What is the thousands 